ided by 73383?
103
What is the remainder when 162625466 is divided by 87?
20
What is the remainder when 445109 is divided by 4?
1
What is the remainder when 343402549 is divided by 6623?
6622
What is the remainder when 362666 is divided by 8987?
3186
What is the remainder when 35129 is divided by 2192?
57
What is the remainder when 6886201 is divided by 32?
25
What is the remainder when 55775 is divided by 57?
29
What is the remainder when 230759 is divided by 1440?
359
Calculate the remainder when 4429594 is divided by 276835.
234
What is the remainder when 40488 is divided by 382?
378
Calculate the remainder when 6185800 is divided by 48.
40
What is the remainder when 39363485 is divided by 222?
221
What is the remainder when 1254014 is divided by 93?
2
Calculate the remainder when 2001404 is divided by 2001388.
16
What is the remainder when 88894377 is divided by 1127?
1125
Calculate the remainder when 74880 is divided by 73553.
1327
What is the remainder when 121885 is divided by 8123?
40
What is the remainder when 1331412 is divided by 443556?
744
What is the remainder when 455218 is divided by 6475?
1968
What is the remainder when 6241639 is divided by 2080543?
10
Calculate the remainder when 1293037 is divided by 431005.
22
What is the remainder when 24986365 is divided by 125?
115
Calculate the remainder when 300858 is divided by 6013.
208
What is the remainder when 46009 is divided by 15174?
487
Calculate the remainder when 227134 is divided by 113472.
190
What is the remainder when 1850901 is divided by 2082?
3
What is the remainder when 82135 is divided by 27310?
205
Calculate the remainder when 33790055 is divided by 159387.
11
Calculate the remainder when 4445717 is divided by 1111426.
13
What is the remainder when 74779353 is divided by 35?
33
Calculate the remainder when 38422603 is divided by 314.
307
What is the remainder when 210123340 is divided by 297?
295
What is the remainder when 551693 is divided by 550972?
721
What is the remainder when 1445333 is divided by 45165?
53
What is the remainder when 26965 is divided by 2535?
1615
What is the remainder when 20861898 is divided by 812?
806
Calculate the remainder when 968634 is divided by 42.
30
Calculate the remainder when 171119094 is divided by 1635.
1629
Calculate the remainder when 117693832 is divided by 245.
242
What is the remainder when 3014042 is divided by 339?
332
Calculate the remainder when 180796 is divided by 175528.
5268
Calculate the remainder when 14684986 is divided by 3041.
3038
What is the remainder when 246258 is divided by 34?
30
What is the remainder when 66415273 is divided by 4?
1
Calculate the remainder when 281486 is divided by 1342.
1008
What is the remainder when 26484556 is divided by 6988?
36
Calculate the remainder when 6788074 is divided by 59.
6
Calculate the remainder when 9842264 is divided by 153785.
24
Calculate the remainder when 2137743 is divided by 37.
31
What is the remainder when 51872 is divided by 2340?
392
Calculate the remainder when 5352849 is divided by 7185.
24
What is the remainder when 13241524 is divided by 1049?
1046
Calculate the remainder when 24293223 is divided by 701.
68
What is the remainder when 8302959 is divided by 136114?
5
What is the remainder when 260906 is divided by 6693?
6572
Calculate the remainder when 466885 is divided by 202.
63
What is the remainder when 93035361 is divided by 348?
345
Calculate the remainder when 412744 is divided by 206334.
76
What is the remainder when 20658093 is divided by 36?
33
What is the remainder when 432615 is divided by 38638?
7597
What is the remainder when 16292940 is divided by 33?
15
What is the remainder when 686344 is divided by 6?
4
Calculate the remainder when 1090120 is divided by 272476.
216
Calculate the remainder when 12224504 is divided by 331.
12
Calculate the remainder when 490931 is divided by 24.
11
What is the remainder when 258857 is divided by 25768?
1177
What is the remainder when 3589125 is divided by 39012?
21
What is the remainder when 228877 is divided by 44?
33
What is the remainder when 40701 is divided by 1708?
1417
What is the remainder when 15069598 is divided by 728?
726
What is the remainder when 18621222 is divided by 97?
35
What is the remainder when 3470 is divided by 2336?
1134
What is the remainder when 89466 is divided by 2863?
713
Calculate the remainder when 51974 is divided by 1158.
1022
What is the remainder when 4876363 is divided by 13972?
135
What is the remainder when 169658 is divided by 6781?
133
Calculate the remainder when 154996 is divided by 38648.
404
Calculate the remainder when 460846 is divided by 231.
1
Calculate the remainder when 788597519 is divided by 49.
45
Calculate the remainder when 40393693 is divided by 897.
886
Calculate the remainder when 122039 is divided by 40171.
1526
Calculate the remainder when 838356 is divided by 173.
171
Calculate the remainder when 34078496 is divided by 1678.
1672
What is the remainder when 77678543 is divided by 57?
26
What is the remainder when 230176864 is divided by 5163?
5161
Calculate the remainder when 578607 is divided by 289301.
5
Calculate the remainder when 32667943 is divided by 61.
3
Calculate the remainder when 705884 is divided by 2022.
206
Calculate the remainder when 5156550 is divided by 105226.
476
What is the remainder when 481486 is divided by 120346?
102
Calculate the remainder when 552096 is divided by 552033.
63
Calculate the remainder when 55697171 is divided by 31.
29
What is the remainder when 123330836 is divided by 301?
300
Calculate the remainder when 5094283 is divided by 5258.
4539
What is the remainder when 6850994 is divided by 94?
86
Calculate the remainder when 1012458 is divided by 336701.
2355
Calculate the remainder when 504702 is divided by 22933.
176
Calculate the remainder when 158843956 is divided by 4840.
4836
Calculate the remainder when 158901 is divided by 1303.
1238
Calculate the remainder when 411220 is divided by 412.
44
Calculate the remainder when 1347383 is divided by 1235.
1233
What is the remainder when 2387183 is divided by 1193298?
587
Calculate the remainder when 132675 is divided by 2936.
555
Calculate the remainder when 18093228 is divided by 14.
6
Calculate the remainder when 1142899523 is divided by 26.
25
What is the remainder when 141424 is divided by 17510?
1344
Calculate the remainder when 3784604 is divided by 136.
132
Calculate the remainder when 11629705 is divided by 19.
14
Calculate the remainder when 1792611 is divided by 358511.
56
Calculate the remainder when 217597 is divided by 43509.
52
Calculate the remainder when 44464 is divided by 14819.
7
Calculate the remainder when 109217 is divided by 824.
449
Calculate the remainder when 897814 is divided by 3746.
2520
What is the remainder when 948135 is divided by 72932?
19
What is the remainder when 148757048 is divided by 6550?
6548
Calculate the remainder when 40716699 is divided by 25.
24
What is the remainder when 3102978 is divided by 8410?
8098
What is the remainder when 8710345 is divided by 1553?
1121
Calculate the remainder when 258558 is divided by 4309.
18
Calculate the remainder when 980323 is divided by 18.
7
What is the remainder when 185972 is divided by 92767?
438
Calculate the remainder when 147932 is divided by 13399.
543
Calculate the remainder when 36504 is divided by 982.
170
What is the remainder when 722443 is divided by 1608?
451
What is the remainder when 78246 is divided by 1304?
6
What is the remainder when 539832 is divided by 24173?
8026
What is the remainder when 241296 is divided by 16073?
201
What is the remainder when 122466 is divided by 4898?
16
What is the remainder when 4729489 is divided by 3312?
3265
Calculate the remainder when 201054 is divided by 20100.
54
What is the remainder when 251997 is divided by 6446?
603
What is the remainder when 19296595 is divided by 3216093?
37
Calculate the remainder when 488686 is divided by 243864.
958
Calculate the remainder when 1640802 is divided by 546931.
9
Calculate the remainder when 19657617 is divided by 49.
42
What is the remainder when 90757 is divided by 169?
4
What is the remainder when 85285750 is divided by 17057148?
10
Calculate the remainder when 98359 is divid